{"id":1384,"date":"2021-10-18T19:53:20","date_gmt":"2021-10-18T19:53:20","guid":{"rendered":"https:\/\/nativaexcursiones.cl\/web\/?page_id=1384"},"modified":"2021-10-19T18:03:52","modified_gmt":"2021-10-19T18:03:52","slug":"ya","status":"publish","type":"page","link":"https:\/\/nativaexcursiones.cl\/web\/ya\/","title":{"rendered":"Ya"},"content":{"rendered":"<p><img width=\"1030\" height=\"579\" src=\"https:\/\/nativaexcursiones.cl\/web\/wp-content\/uploads\/2020\/11\/turismoaventurachiloeveranotehuacoancud-10-10-2020-12-51-56-1030x579-1.jpg\" alt=\"\" loading=\"lazy\" srcset=\"https:\/\/nativaexcursiones.cl\/web\/wp-content\/uploads\/2020\/11\/turismoaventurachiloeveranotehuacoancud-10-10-2020-12-51-56-1030x579-1.jpg 1030w, https:\/\/nativaexcursiones.cl\/web\/wp-content\/uploads\/2020\/11\/turismoaventurachiloeveranotehuacoancud-10-10-2020-12-51-56-1030x579-1-300x169.jpg 300w, https:\/\/nativaexcursiones.cl\/web\/wp-content\/uploads\/2020\/11\/turismoaventurachiloeveranotehuacoancud-10-10-2020-12-51-56-1030x579-1-768x432.jpg 768w, https:\/\/nativaexcursiones.cl\/web\/wp-content\/uploads\/2020\/11\/turismoaventurachiloeveranotehuacoancud-10-10-2020-12-51-56-1030x579-1-980x551.jpg 980w, https:\/\/nativaexcursiones.cl\/web\/wp-content\/uploads\/2020\/11\/turismoaventurachiloeveranotehuacoancud-10-10-2020-12-51-56-1030x579-1-480x270.jpg 480w\" sizes=\"(max-width: 1030px) 100vw, 1030px\" \/>\t\t\t\t\t\t\t\t\t\t\t\t\t\t\t<\/p>\n<h1>ECOTURISMO  GASTRONOMIA  INFORMACION<\/h1>\n<p>\t\t\t\t\t\t\t\t\t\t\t\t\t\t\t<img width=\"839\" height=\"957\" src=\"https:\/\/nativaexcursiones.cl\/web\/wp-content\/uploads\/2020\/11\/ecoturismonavegacionchiloenostros-940x1030-1.jpg\" alt=\"\" loading=\"lazy\" srcset=\"https:\/\/nativaexcursiones.cl\/web\/wp-content\/uploads\/2020\/11\/ecoturismonavegacionchiloenostros-940x1030-1.jpg 839w, https:\/\/nativaexcursiones.cl\/web\/wp-content\/uploads\/2020\/11\/ecoturismonavegacionchiloenostros-940x1030-1-263x300.jpg 263w, https:\/\/nativaexcursiones.cl\/web\/wp-content\/uploads\/2020\/11\/ecoturismonavegacionchiloenostros-940x1030-1-768x876.jpg 768w, https:\/\/nativaexcursiones.cl\/web\/wp-content\/uploads\/2020\/11\/ecoturismonavegacionchiloenostros-940x1030-1-480x548.jpg 480w\" sizes=\"(max-width: 839px) 100vw, 839px\" \/><br \/>\n\t\t\t\t\t\t\t\t\t\t\t\t\t\t\t<img width=\"940\" height=\"1030\" src=\"https:\/\/nativaexcursiones.cl\/web\/wp-content\/uploads\/2020\/11\/cielonochetehuacochiloeturismo-940x1030-1.jpg\" alt=\"\" loading=\"lazy\" srcset=\"https:\/\/nativaexcursiones.cl\/web\/wp-content\/uploads\/2020\/11\/cielonochetehuacochiloeturismo-940x1030-1.jpg 940w, https:\/\/nativaexcursiones.cl\/web\/wp-content\/uploads\/2020\/11\/cielonochetehuacochiloeturismo-940x1030-1-274x300.jpg 274w, https:\/\/nativaexcursiones.cl\/web\/wp-content\/uploads\/2020\/11\/cielonochetehuacochiloeturismo-940x1030-1-768x842.jpg 768w, https:\/\/nativaexcursiones.cl\/web\/wp-content\/uploads\/2020\/11\/cielonochetehuacochiloeturismo-940x1030-1-480x526.jpg 480w\" sizes=\"(max-width: 940px) 100vw, 940px\" \/>\t\t\t\t\t\t\t\t\t\t\t\t\t\t\t<\/p>\n<h1>Nativa Excursiones es una empresa familiar <br \/>que ofrece actividades de turismo sustentables, en <br \/>mar y tierra, promovemos la conservaci\u00f3n de<br \/>los recursos naturales, la asociatividad, <br \/>brindando a a turistas nacionales y extranjeros, <br \/>la posibilidad de conocer la biodiversidad <br \/>de nuestra regi\u00f3n Norte Pac\u00edfico de la Isla de<br \/>Chilo\u00e9.<br \/><\/h1>\n<h1>NOSOTROS<\/h1>\n<p>\t\t\t\t\t\t\t\t\t\t\t\t\t\t\t<img width=\"1030\" height=\"579\" src=\"https:\/\/nativaexcursiones.cl\/web\/wp-content\/uploads\/2020\/11\/gastronomiachiloecafetehuaco-10-10-2020-17-02-47-1030x579-1.jpg\" alt=\"\" loading=\"lazy\" srcset=\"https:\/\/nativaexcursiones.cl\/web\/wp-content\/uploads\/2020\/11\/gastronomiachiloecafetehuaco-10-10-2020-17-02-47-1030x579-1.jpg 1030w, https:\/\/nativaexcursiones.cl\/web\/wp-content\/uploads\/2020\/11\/gastronomiachiloecafetehuaco-10-10-2020-17-02-47-1030x579-1-300x169.jpg 300w, https:\/\/nativaexcursiones.cl\/web\/wp-content\/uploads\/2020\/11\/gastronomiachiloecafetehuaco-10-10-2020-17-02-47-1030x579-1-768x432.jpg 768w, https:\/\/nativaexcursiones.cl\/web\/wp-content\/uploads\/2020\/11\/gastronomiachiloecafetehuaco-10-10-2020-17-02-47-1030x579-1-980x551.jpg 980w, https:\/\/nativaexcursiones.cl\/web\/wp-content\/uploads\/2020\/11\/gastronomiachiloecafetehuaco-10-10-2020-17-02-47-1030x579-1-480x270.jpg 480w\" sizes=\"(max-width: 1030px) 100vw, 1030px\" \/><br \/>\n\t\t\t\t\t\t\t\t\t\t\t\t\t\t\t<img width=\"1030\" height=\"579\" src=\"https:\/\/nativaexcursiones.cl\/web\/wp-content\/uploads\/2020\/11\/cafeturismogastronomiachiloetehuacoancud-10-10-2020-17-02-57-1030x579-1.jpg\" alt=\"\" loading=\"lazy\" srcset=\"https:\/\/nativaexcursiones.cl\/web\/wp-content\/uploads\/2020\/11\/cafeturismogastronomiachiloetehuacoancud-10-10-2020-17-02-57-1030x579-1.jpg 1030w, https:\/\/nativaexcursiones.cl\/web\/wp-content\/uploads\/2020\/11\/cafeturismogastronomiachiloetehuacoancud-10-10-2020-17-02-57-1030x579-1-300x169.jpg 300w, https:\/\/nativaexcursiones.cl\/web\/wp-content\/uploads\/2020\/11\/cafeturismogastronomiachiloetehuacoancud-10-10-2020-17-02-57-1030x579-1-768x432.jpg 768w, https:\/\/nativaexcursiones.cl\/web\/wp-content\/uploads\/2020\/11\/cafeturismogastronomiachiloetehuacoancud-10-10-2020-17-02-57-1030x579-1-980x551.jpg 980w, https:\/\/nativaexcursiones.cl\/web\/wp-content\/uploads\/2020\/11\/cafeturismogastronomiachiloetehuacoancud-10-10-2020-17-02-57-1030x579-1-480x270.jpg 480w\" sizes=\"(max-width: 1030px) 100vw, 1030px\" \/><br \/>\n\t\t\t\t\t\t\t\t\t\t\t\t\t\t\t<img width=\"200\" height=\"200\" src=\"https:\/\/nativaexcursiones.cl\/web\/wp-content\/uploads\/2020\/11\/3-min-1030x1028-min-1.png\" alt=\"\" loading=\"lazy\" srcset=\"https:\/\/nativaexcursiones.cl\/web\/wp-content\/uploads\/2020\/11\/3-min-1030x1028-min-1.png 200w, https:\/\/nativaexcursiones.cl\/web\/wp-content\/uploads\/2020\/11\/3-min-1030x1028-min-1-80x80.png 80w\" sizes=\"(max-width: 200px) 100vw, 200px\" \/><br \/>\n\t\t\t\t\t\t\t\t\t\t\t\t\t\t\t<img width=\"200\" height=\"200\" src=\"https:\/\/nativaexcursiones.cl\/web\/wp-content\/uploads\/2020\/11\/2-min-1030x1017-min.png\" alt=\"\" loading=\"lazy\" srcset=\"https:\/\/nativaexcursiones.cl\/web\/wp-content\/uploads\/2020\/11\/2-min-1030x1017-min.png 200w, https:\/\/nativaexcursiones.cl\/web\/wp-content\/uploads\/2020\/11\/2-min-1030x1017-min-80x80.png 80w\" sizes=\"(max-width: 200px) 100vw, 200px\" \/><br \/>\n\t\t\t\t\t\t\t\t\t\t\t\t\t\t\t<img width=\"200\" height=\"200\" src=\"https:\/\/nativaexcursiones.cl\/web\/wp-content\/uploads\/2020\/11\/1-min-1030x1030-min.png\" alt=\"\" loading=\"lazy\" srcset=\"https:\/\/nativaexcursiones.cl\/web\/wp-content\/uploads\/2020\/11\/1-min-1030x1030-min.png 200w, https:\/\/nativaexcursiones.cl\/web\/wp-content\/uploads\/2020\/11\/1-min-1030x1030-min-80x80.png 80w\" sizes=\"(max-width: 200px) 100vw, 200px\" \/><br \/>\n\t\t\t\t\t\t\t\t\t\t\t\t\t\t\t<img width=\"1030\" height=\"484\" src=\"https:\/\/nativaexcursiones.cl\/web\/wp-content\/uploads\/2020\/11\/nochetehuacocafeturismochiloeverano-10-10-2020-17-09-52-1030x579-2.jpg\" alt=\"\" loading=\"lazy\" srcset=\"https:\/\/nativaexcursiones.cl\/web\/wp-content\/uploads\/2020\/11\/nochetehuacocafeturismochiloeverano-10-10-2020-17-09-52-1030x579-2.jpg 1030w, https:\/\/nativaexcursiones.cl\/web\/wp-content\/uploads\/2020\/11\/nochetehuacocafeturismochiloeverano-10-10-2020-17-09-52-1030x579-2-300x141.jpg 300w, https:\/\/nativaexcursiones.cl\/web\/wp-content\/uploads\/2020\/11\/nochetehuacocafeturismochiloeverano-10-10-2020-17-09-52-1030x579-2-768x361.jpg 768w, https:\/\/nativaexcursiones.cl\/web\/wp-content\/uploads\/2020\/11\/nochetehuacocafeturismochiloeverano-10-10-2020-17-09-52-1030x579-2-980x461.jpg 980w, https:\/\/nativaexcursiones.cl\/web\/wp-content\/uploads\/2020\/11\/nochetehuacocafeturismochiloeverano-10-10-2020-17-09-52-1030x579-2-480x226.jpg 480w\" sizes=\"(max-width: 1030px) 100vw, 1030px\" \/>\t\t\t\t\t\t\t\t\t\t\t\t\t\t\t<\/p>\n<h1>UN LUGAR MAGICO<\/h1>\n<p>\t\t\t\t\t\t\t\t\t\t\t\t\t\t\t<img width=\"1030\" height=\"579\" src=\"https:\/\/nativaexcursiones.cl\/web\/wp-content\/uploads\/2020\/11\/puestadesoltehuacochiloeturismotourchiloe-10-10-2020-17-13-16-1030x579-1.jpg\" alt=\"\" loading=\"lazy\" srcset=\"https:\/\/nativaexcursiones.cl\/web\/wp-content\/uploads\/2020\/11\/puestadesoltehuacochiloeturismotourchiloe-10-10-2020-17-13-16-1030x579-1.jpg 1030w, https:\/\/nativaexcursiones.cl\/web\/wp-content\/uploads\/2020\/11\/puestadesoltehuacochiloeturismotourchiloe-10-10-2020-17-13-16-1030x579-1-300x169.jpg 300w, https:\/\/nativaexcursiones.cl\/web\/wp-content\/uploads\/2020\/11\/puestadesoltehuacochiloeturismotourchiloe-10-10-2020-17-13-16-1030x579-1-768x432.jpg 768w, https:\/\/nativaexcursiones.cl\/web\/wp-content\/uploads\/2020\/11\/puestadesoltehuacochiloeturismotourchiloe-10-10-2020-17-13-16-1030x579-1-980x551.jpg 980w, https:\/\/nativaexcursiones.cl\/web\/wp-content\/uploads\/2020\/11\/puestadesoltehuacochiloeturismotourchiloe-10-10-2020-17-13-16-1030x579-1-480x270.jpg 480w\" sizes=\"(max-width: 1030px) 100vw, 1030px\" \/>\t\t\t\t\t\t\t\t\t\t\t\t\t\t\t<\/p>\n<h2>Bienvenidos a<\/h2>\n<h2>Nativa Excursiones<\/h2>\n<h5>&#8211; Since 1984 &#8211;<\/h5>\n<h2>The greatest good you\u2019re ever gonna get.<\/h2>\n<p>\t\t\t<a href=\"#\" role=\"button\"><br \/>\n\t\t\t\t\t\tJoin For Free<br \/>\n\t\t\t\t\t<\/a><\/p>\n<h4>Who we are<\/h4>\n<p>Organizing large events is our passion. Since the early start we wanted to enrich you experience, making it meaningful and not just fun and exciting.<\/p>\n<h4>Why we are<\/h4>\n<p>When you visit our event hall for the first time, it transforms your life, and connects you to the people you always wanted to get to know and love.<\/p>\n<h4>Where you are<\/h4>\n<p>Are you seeking something different? An opportunity? We invite you to join the conversation our community has been having for the past\u00a030 years.<\/p>\n<h4>How it starts<\/h4>\n<p>Our events are held every day, every hour and every minute. It takes place everywhere, and nowhere, both at the same time. Don&#8217;t worry, you will find us.<\/p>\n<h3>Try it Yourself<\/h3>\n<p>What makes design\u00a0so alluring? We\u00a0believes the answer is designers. That&#8217;s why we have made\u00a0our entire focus on you &#8211; the designer. Your style, your ideas, your creativity.\u00a0Go on &#8211;\u00a0Try, share and design now!<\/p>\n<p>\t\t\t<a href=\"#\" role=\"button\"><br \/>\n\t\t\t\t\t\tGet Started<br \/>\n\t\t\t\t\t<\/a><br \/>\n\t\t\t\t\t\t\t\t\t\t\t\t\t\t\t<img width=\"776\" height=\"650\" src=\"https:\/\/nativaexcursiones.cl\/web\/wp-content\/uploads\/2021\/10\/ma.png\" alt=\"\" loading=\"lazy\" srcset=\"https:\/\/nativaexcursiones.cl\/web\/wp-content\/uploads\/2021\/10\/ma.png 776w, https:\/\/nativaexcursiones.cl\/web\/wp-content\/uploads\/2021\/10\/ma-300x251.png 300w, https:\/\/nativaexcursiones.cl\/web\/wp-content\/uploads\/2021\/10\/ma-768x643.png 768w\" sizes=\"(max-width: 776px) 100vw, 776px\" \/>\t\t\t\t\t\t\t\t\t\t\t\t\t\t\t<\/p>\n<h3>Play it forward<\/h3>\n<p>We&#8217;ve worked for over a year to offer you the best possible web design solution. Now, all you need to do is press &#8216;Play&#8217;.<\/p>\n<p>https:\/\/www.youtube.com\/watch?v=kB4U67tiQLA\t\t<\/p>\n<h1>Revolution<\/h1>\n<p>We all want to change the world.\u00a0But when you talk about destruction, don&#8217;t you know that you can count me out.\u00a0Don&#8217;t you know it&#8217;s gonna be alright?<\/p>\n<p>\t\t\t<a href=\"#\" role=\"button\"><br \/>\n\t\t\t\t\t\tDownload Now<br \/>\n\t\t\t\t\t<\/a><br \/>\n\t\t\t<a href=\"#\" role=\"button\"><br \/>\n\t\t\t\t\t\tTake a Tour<br \/>\n\t\t\t\t\t<\/a><\/p>\n<h3>A good portfolio will get you an interview. A good attitude will get you a job.<\/h3>\n<p>We have a great opportunity for experienced photographers to join our team.\u00a0Yes, we do need you to already own a camera. No, your iPhone camera won&#8217;t cut it. Go on, &#8216;Shoot&#8217; us a message.<\/p>\n<p>\t\t\t\t\t\t\t\t\t\t\t\t\t\t\t<img width=\"498\" height=\"850\" src=\"https:\/\/nativaexcursiones.cl\/web\/wp-content\/uploads\/2021\/10\/iPhone-7-2.png\" alt=\"\" loading=\"lazy\" srcset=\"https:\/\/nativaexcursiones.cl\/web\/wp-content\/uploads\/2021\/10\/iPhone-7-2.png 498w, https:\/\/nativaexcursiones.cl\/web\/wp-content\/uploads\/2021\/10\/iPhone-7-2-176x300.png 176w\" sizes=\"(max-width: 498px) 100vw, 498px\" \/>\t\t\t\t\t\t\t\t\t\t\t\t\t\t\t<\/p>\n<h3>Surf&#8217;s up!<\/h3>\n<p>There are 23 million estimated surfers around the world. The longest amount of time spent surfing one wave is 37 minutes. There are many other reasons\u00a0you should get on board.<\/p>\n<p>\t\t\t<a href=\"#\" role=\"button\"><br \/>\n\t\t\t\t\t\tCatch Our Wave<br \/>\n\t\t\t\t\t<\/a><\/p>\n<h4>Your Journey<\/h4>\n<p>Desert Tiptoes Inc. is a company that set forth to\u00a0boldly go where no other company has gone before, and to get as many individuals\u00a0to walk barefoot across the Sahara desert, leaving beautiful and temporary foot marks behind. When we started, we had no clear vision as to why we wanted to get people to do that. Today, 20 years later, we are still kinda confused.<\/p>\n<p>\t\t\t<a href=\"#\" role=\"button\"><br \/>\n\t\t\t\t\t\tTake The First Step<br \/>\n\t\t\t\t\t<\/a><\/p>\n<h2>Do what I want, not what I say.<br \/>\n<\/h2>\n<h5>Learn More<\/h5>\n<h3>Hello.<\/h3>\n<p>I love you, won&#8217;t you tell me your name? These immortal words by legendary musician Jim Morrison are still as relevant today, in this digital age, as they were back then.\u00a0<\/p>\n<p>\t\t\t<a href=\"#\" role=\"button\"><br \/>\n\t\t\t\t\t\tLet&#8217;s Meet<br \/>\n\t\t\t\t\t<\/a><br \/>\n\t\t<iframe loading=\"lazy\" title=\"Elementor Website Builder For WordPress - Build Stunning Websites Free &amp; Easy\" width=\"1080\" height=\"608\" src=\"https:\/\/www.youtube.com\/embed\/kB4U67tiQLA?feature=oembed\" frameborder=\"0\" allow=\"accelerometer; autoplay; clipboard-write; encrypted-media; gyroscope; picture-in-picture\" allowfullscreen><\/iframe>\t\t<\/p>\n<h3>Writing, made simple.<\/h3>\n<p>\t\tEveryone can write, but not everyone is a writer. What makes the difference is the keen eye for detail and beauty.<br \/>\n\t\t\t\t\t\t\t\t\t\t\t\t\t\t\t<img width=\"1602\" height=\"900\" src=\"https:\/\/nativaexcursiones.cl\/web\/wp-content\/uploads\/2021\/10\/Mackbook2.png\" alt=\"\" loading=\"lazy\" srcset=\"https:\/\/nativaexcursiones.cl\/web\/wp-content\/uploads\/2021\/10\/Mackbook2.png 1602w, https:\/\/nativaexcursiones.cl\/web\/wp-content\/uploads\/2021\/10\/Mackbook2-300x169.png 300w, https:\/\/nativaexcursiones.cl\/web\/wp-content\/uploads\/2021\/10\/Mackbook2-1030x579.png 1030w, https:\/\/nativaexcursiones.cl\/web\/wp-content\/uploads\/2021\/10\/Mackbook2-768x431.png 768w, https:\/\/nativaexcursiones.cl\/web\/wp-content\/uploads\/2021\/10\/Mackbook2-1536x863.png 1536w\" sizes=\"(max-width: 1602px) 100vw, 1602px\" \/>\t\t\t\t\t\t\t\t\t\t\t\t\t\t\t<\/p>\n<p>If you feel lost, disappointed, hesitant, or weak, return to yourself, to who you are, here and now and when you get there, you will discover yourself, like a lotus flower in full bloom, even in a muddy pond, beautiful and strong.<\/p>\n<h4> Masaru Emoto<\/h4>\n<h2>Design is an opportunity<\/h2>\n<p>We want to create something that does more than just look nice on a page. How are\u00a0the creative stories of the future going to look like?<\/p>\n<h3>\n\t\t\t\t\t\tPhotographer<br \/>\n\t\t\t\t<\/h3>\n<p>\n\t\t\t\t\t\tThe photo occurs in a broader scope than the snap of the camera. It starts with the first glance of attention\t\t\t\t\t<\/p>\n<h3>\n\t\t\t\t\t\tVideo Art<br \/>\n\t\t\t\t<\/h3>\n<p>\n\t\t\t\t\t\tWe all shun away from it on museums, but in the real world, video art can, and does, make a difference\t\t\t\t\t<\/p>\n<h3>\n\t\t\t\t\t\tWeb Design<br \/>\n\t\t\t\t<\/h3>\n<p>\n\t\t\t\t\t\tEndless design possibilities start with a single possibility that wants to expand further than ever before\t\t\t\t\t<\/p>\n","protected":false},"excerpt":{"rendered":"<p>ECOTURISMO GASTRONOMIA INFORMACION Nativa Excursiones es una empresa familiar que ofrece actividades de turismo sustentables, en mar y tierra, promovemos la conservaci\u00f3n delos recursos naturales, la asociatividad, brindando a a turistas nacionales y extranjeros, la posibilidad de conocer la biodiversidad de nuestra regi\u00f3n Norte Pac\u00edfico de la Isla deChilo\u00e9. NOSOTROS UN LUGAR MAGICO Bienvenidos a [&hellip;]<\/p>\n","protected":false},"author":1,"featured_media":0,"parent":0,"menu_order":0,"comment_status":"closed","ping_status":"closed","template":"elementor_canvas","meta":{"_et_pb_use_builder":"","_et_pb_old_content":"","_et_gb_content_width":"","_joinchat":[]},"yoast_head":"<!-- This site is optimized with the Yoast SEO plugin v19.9 - https:\/\/yoast.com\/wordpress\/plugins\/seo\/ -->\n<title>Ya - Nativa excursiones<\/title>\n<meta name=\"robots\" content=\"index, follow, max-snippet:-1, max-image-preview:large, max-video-preview:-1\" \/>\n<link rel=\"canonical\" href=\"https:\/\/nativaexcursiones.cl\/web\/ya\/\" \/>\n<meta property=\"og:locale\" content=\"es_ES\" \/>\n<meta property=\"og:type\" content=\"article\" \/>\n<meta property=\"og:title\" content=\"Ya - Nativa excursiones\" \/>\n<meta property=\"og:description\" content=\"ECOTURISMO GASTRONOMIA INFORMACION Nativa Excursiones es una empresa familiar que ofrece actividades de turismo sustentables, en mar y tierra, promovemos la conservaci\u00f3n delos recursos naturales, la asociatividad, brindando a a turistas nacionales y extranjeros, la posibilidad de conocer la biodiversidad de nuestra regi\u00f3n Norte Pac\u00edfico de la Isla deChilo\u00e9. NOSOTROS UN LUGAR MAGICO Bienvenidos a [&hellip;]\" \/>\n<meta property=\"og:url\" content=\"https:\/\/nativaexcursiones.cl\/web\/ya\/\" \/>\n<meta property=\"og:site_name\" content=\"Nativa excursiones\" \/>\n<meta property=\"article:modified_time\" content=\"2021-10-19T18:03:52+00:00\" \/>\n<meta property=\"og:image\" content=\"http:\/\/nativaexcursiones.cl\/web\/wp-content\/uploads\/2020\/11\/turismoaventurachiloeveranotehuacoancud-10-10-2020-12-51-56-1030x579-1.jpg\" \/>\n<meta name=\"twitter:card\" content=\"summary_large_image\" \/>\n<meta name=\"twitter:label1\" content=\"Tiempo de lectura\" \/>\n\t<meta name=\"twitter:data1\" content=\"6 minutos\" \/>\n<script type=\"application\/ld+json\" class=\"yoast-schema-graph\">{\"@context\":\"https:\/\/schema.org\",\"@graph\":[{\"@type\":\"WebPage\",\"@id\":\"https:\/\/nativaexcursiones.cl\/web\/ya\/\",\"url\":\"https:\/\/nativaexcursiones.cl\/web\/ya\/\",\"name\":\"Ya - Nativa excursiones\",\"isPartOf\":{\"@id\":\"https:\/\/nativaexcursiones.cl\/web\/#website\"},\"datePublished\":\"2021-10-18T19:53:20+00:00\",\"dateModified\":\"2021-10-19T18:03:52+00:00\",\"breadcrumb\":{\"@id\":\"https:\/\/nativaexcursiones.cl\/web\/ya\/#breadcrumb\"},\"inLanguage\":\"es\",\"potentialAction\":[{\"@type\":\"ReadAction\",\"target\":[\"https:\/\/nativaexcursiones.cl\/web\/ya\/\"]}]},{\"@type\":\"BreadcrumbList\",\"@id\":\"https:\/\/nativaexcursiones.cl\/web\/ya\/#breadcrumb\",\"itemListElement\":[{\"@type\":\"ListItem\",\"position\":1,\"name\":\"Portada\",\"item\":\"https:\/\/nativaexcursiones.cl\/web\/\"},{\"@type\":\"ListItem\",\"position\":2,\"name\":\"Ya\"}]},{\"@type\":\"WebSite\",\"@id\":\"https:\/\/nativaexcursiones.cl\/web\/#website\",\"url\":\"https:\/\/nativaexcursiones.cl\/web\/\",\"name\":\"Nativa excursiones\",\"description\":\"Tours en Pu\u00f1ihuil\",\"potentialAction\":[{\"@type\":\"SearchAction\",\"target\":{\"@type\":\"EntryPoint\",\"urlTemplate\":\"https:\/\/nativaexcursiones.cl\/web\/?s={search_term_string}\"},\"query-input\":\"required name=search_term_string\"}],\"inLanguage\":\"es\"}]}<\/script>\n<!-- \/ Yoast SEO plugin. -->","yoast_head_json":{"title":"Ya - Nativa excursiones","robots":{"index":"index","follow":"follow","max-snippet":"max-snippet:-1","max-image-preview":"max-image-preview:large","max-video-preview":"max-video-preview:-1"},"canonical":"https:\/\/nativaexcursiones.cl\/web\/ya\/","og_locale":"es_ES","og_type":"article","og_title":"Ya - Nativa excursiones","og_description":"ECOTURISMO GASTRONOMIA INFORMACION Nativa Excursiones es una empresa familiar que ofrece actividades de turismo sustentables, en mar y tierra, promovemos la conservaci\u00f3n delos recursos naturales, la asociatividad, brindando a a turistas nacionales y extranjeros, la posibilidad de conocer la biodiversidad de nuestra regi\u00f3n Norte Pac\u00edfico de la Isla deChilo\u00e9. NOSOTROS UN LUGAR MAGICO Bienvenidos a [&hellip;]","og_url":"https:\/\/nativaexcursiones.cl\/web\/ya\/","og_site_name":"Nativa excursiones","article_modified_time":"2021-10-19T18:03:52+00:00","og_image":[{"url":"http:\/\/nativaexcursiones.cl\/web\/wp-content\/uploads\/2020\/11\/turismoaventurachiloeveranotehuacoancud-10-10-2020-12-51-56-1030x579-1.jpg"}],"twitter_card":"summary_large_image","twitter_misc":{"Tiempo de lectura":"6 minutos"},"schema":{"@context":"https:\/\/schema.org","@graph":[{"@type":"WebPage","@id":"https:\/\/nativaexcursiones.cl\/web\/ya\/","url":"https:\/\/nativaexcursiones.cl\/web\/ya\/","name":"Ya - Nativa excursiones","isPartOf":{"@id":"https:\/\/nativaexcursiones.cl\/web\/#website"},"datePublished":"2021-10-18T19:53:20+00:00","dateModified":"2021-10-19T18:03:52+00:00","breadcrumb":{"@id":"https:\/\/nativaexcursiones.cl\/web\/ya\/#breadcrumb"},"inLanguage":"es","potentialAction":[{"@type":"ReadAction","target":["https:\/\/nativaexcursiones.cl\/web\/ya\/"]}]},{"@type":"BreadcrumbList","@id":"https:\/\/nativaexcursiones.cl\/web\/ya\/#breadcrumb","itemListElement":[{"@type":"ListItem","position":1,"name":"Portada","item":"https:\/\/nativaexcursiones.cl\/web\/"},{"@type":"ListItem","position":2,"name":"Ya"}]},{"@type":"WebSite","@id":"https:\/\/nativaexcursiones.cl\/web\/#website","url":"https:\/\/nativaexcursiones.cl\/web\/","name":"Nativa excursiones","description":"Tours en Pu\u00f1ihuil","potentialAction":[{"@type":"SearchAction","target":{"@type":"EntryPoint","urlTemplate":"https:\/\/nativaexcursiones.cl\/web\/?s={search_term_string}"},"query-input":"required name=search_term_string"}],"inLanguage":"es"}]}},"_links":{"self":[{"href":"https:\/\/nativaexcursiones.cl\/web\/wp-json\/wp\/v2\/pages\/1384"}],"collection":[{"href":"https:\/\/nativaexcursiones.cl\/web\/wp-json\/wp\/v2\/pages"}],"about":[{"href":"https:\/\/nativaexcursiones.cl\/web\/wp-json\/wp\/v2\/types\/page"}],"author":[{"embeddable":true,"href":"https:\/\/nativaexcursiones.cl\/web\/wp-json\/wp\/v2\/users\/1"}],"replies":[{"embeddable":true,"href":"https:\/\/nativaexcursiones.cl\/web\/wp-json\/wp\/v2\/comments?post=1384"}],"version-history":[{"count":112,"href":"https:\/\/nativaexcursiones.cl\/web\/wp-json\/wp\/v2\/pages\/1384\/revisions"}],"predecessor-version":[{"id":1562,"href":"https:\/\/nativaexcursiones.cl\/web\/wp-json\/wp\/v2\/pages\/1384\/revisions\/1562"}],"wp:attachment":[{"href":"https:\/\/nativaexcursiones.cl\/web\/wp-json\/wp\/v2\/media?parent=1384"}],"curies":[{"name":"wp","href":"https:\/\/api.w.org\/{rel}","templated":true}]}}